- 23. Give y(198).
-23
Let b(s) = s**3 + 74*s**2 - 76*s - 1357. Determine b(-75).
-1282
Let a(f) = 5297*f + 121. Give a(0).
121
Let p(f) = -425*f**2 + 1885*f - 927. What is p(4)?
-187
Let x(c) = 24543*c + 123455. Give x(-5).
740
Let k(w) = -81264*w + 5525920. Give k(68).
-32
Let o(w) = 1580*w - 7019. What is o(5)?
881
Let c(v) = 848*v + 200971. Calculate c(-237).
-5
Let q(f) = 15*f**2 - 1620*f - 1380. What is q(111)?
3615
Let s(b) = 2*b**3 - 104*b**2 + 739*b - 6. Calculate s(44).
1534
Let h(b) = -2588183*b + 15529093. Give h(6).
-5
Let i(s) = 8*s**3 - 168*s**2 + 148*s + 11. Give i(20).
-229
Let r(m) = -1638*m + 4960. Calculate r(3).
46
Let l(o) = -1905*o - 177177. Determine l(-93).
-12
Let m(z) = z**2 - 533*z - 12026. Calculate m(-22).
184
Let u(p) = -1352*p + 707069. What is u(523)?
-27
Let g(s) = 1538417*s - 6153656. Calculate g(4).
12
Let p(t) = -41895*t - 209424. Determine p(-5).
51
Let y(p) = 4809*p + 355871. Calculate y(-74).
5
Let f(m) = 19438*m - 96615. Calculate f(5).
575
Let i(j) = j**3 - 96*j + 133. Give i(12).
709
Let l(h) = -h**3 + 29*h**2 + 65*h - 1329. Determine l(29).
556
Let v(a) = 59*a - 777. Calculate v(31).
1052
Let p(u) = -35551*u - 924331. Give p(-26).
-5
Let m(d) = 7*d**2 - 346*d + 4203. Determine m(12).
1059
Let r(d) = -4*d**2 + 148*d + 1148. Calculate r(52).
-1972
Let v(d) = -d**3 - 140*d**2 - 1121*d - 2146. Determine v(-5).
84
Let c(s) = -83*s**2 + 8485*s + 6584. Determine c(103).
-8
Let p(w) = -w**3 + 6*w**2 - 1515*w + 9099. Calculate p(6).
9
Let i(x) = x**3 - 79*x**2 - 538*x - 5517. Calculate i(86).
-13
Let r(w) = 5*w**2 + 664*w + 16130. Give r(-32).
2
Let q(g) = 1607*g + 6550. Determine q(-4).
122
Let h(a) = -a**3 - 25*a**2 + 99*a - 25. Determine h(-29).
468
Let u(y) = 22*y**3 - 289*y**2 + 43*y - 36. Give u(13).
16
Let s(l) = -l**3 - 6*l**2 - 3044*l - 18422. What is s(-6)?
-158
Let k(v) = -29391*v - 3086059. Give k(-105).
-4
Let b(z) = -14294285*z + 185825706. What is b(13)?
1
Let b(f) = -3*f**2 - 658*f + 672. What is b(-221)?
-433
Let r(m) = m**2 - 330*m - 1825. Calculate r(-6).
191
Let u(y) = y**3 - 165*y**2 + 3382*y + 272. Determine u(141).
-10
Let z(k) = -2*k**3 - 35*k**2 + 43*k - 116. Calculate z(-20).
1024
Let q(l) = -528*l**2 + 28*l + 30. Determine q(-1).
-526
Let s(b) = -61749*b + 370694. Give s(6).
200
Let n(t) = 101*t - 4443. Give n(40).
-403
Let y(m) = 4030*m + 1067953. What is y(-265)?
3
Let c(o) = -8*o**3 - 90*o**2 - 101*o - 826. Give c(-11).
43
Let o(k) = -2*k**2 + 2175*k - 175754. Determine o(88).
158
Let j(x) = -4624*x - 291281. What is j(-63)?
31
Let w(p) = 2*p**3 - 45*p**2 - 70*p - 19. Calculate w(24).
29
Let q(j) = -j**2 - 180*j - 8500. Determine q(-86).
-416
Let m(t) = 5*t**2 - 3531*t + 17668. Give m(5).
138
Let t(l) = l**3 + 16*l**2 + 111*l + 3319. Calculate t(-19).
127
Let j(r) = -8*r**2 - 108*r - 218. What is j(-8)?
134
Let p(v) = -14*v**3 - 475*v**2 + 16*v - 618. Calculate p(-34).
-6
Let r(z) = 232203*z + 232204. What is r(-1)?
1
Let i(l) = -l**2 + 74*l + 8197. Determine i(-57).
730
Let c(p) = 5285*p + 21038. Calculate c(-4).
-102
Let p(a) = -40201*a - 25. Determine p(0).
-25
Let y(w) = -w**3 - 50*w**2 - 131*w - 4785. Give y(-49).
-767
Let i(s) = -28073*s + 363552. Determine i(13).
-1397
Let i(n) = 2*n**3 + 43*n**2 + 18*n + 157. What is i(-9)?
2020
Let k(q) = 191*q**2 - 39*q - 6. Give k(-2).
836
Let v(h) = -h**3 - 31*h**2 + 151*h + 75. Calculate v(-34).
-1591
Let k(b) = -b**3 + 58*b**2 - 113*b - 341. Determine k(56).
-397
Let y(b) = -22*b**2 + 1165*b - 30. Determine y(53).
-83
Let i(l) = -4457*l - 205029. Calculate i(-46).
-7
Let b(c) = 14936*c + 1269686. Calculate b(-85).
126
Let g(t) = -53*t**2 - 2016*t - 78. What is g(-38)?
-2
Let m(t) = -707*t - 91975. What is m(-130)?
-65
Let q(l) = -605*l**2 - 30823*l + 1637. Determine q(-51).
5
Let z(l) = -4*l**3 + 151*l**2 + 888*l + 302. Calculate z(-6).
1274
Let s(d) = -238*d - 11716. Give s(-47).
-530
Let b(g) = -613*g - 198632. Determine b(-324).
-20
Let p(g) = 37*g**2 - 5392*g + 67059. Determine p(132).
3
Let x(u) = u**3 + 275*u**2 - 59178*u + 15019. Calculate x(-417).
7
Let t(m) = m**3 - 24*m + 79. Calculate t(-7).
-96
Let j(o) = 5*o**3 - 269*o**2 - 58*o - 219. Calculate j(54).
-435
Let i(a) = a**3 - 121*a**2 - 1360*a + 6583. Calculate i(131).
33
Let c(i) = 20*i - 15. Calculate c(-7).
-155
Let g(q) = 12920*q - 157188. Determine g(12).
-2148
Let z(l) = -1534*l - 220886. Determine z(-144).
10
Let v(q) = 2*q**3 + 27*q**2 - 2317*q - 31966. Calculate v(-14).
276
Let b(u) = -23*u**2 + 1762*u + 5434. Calculate b(-3).
-59
Let u(f) = -f**3 - 23*f**2 - 863*f - 18539. Determine u(-22).
-37
Let x(t) = 9708*t**2 - 2087225*t + 1093. Determine x(215).
18
Let o(p) = 7*p**3 - 7*p**2 + 421*p - 413. Calculate o(1).
8
Let x(l) = 690*l - 7644. Give x(11).
-54
Let v(b) = b**3 + 111*b**2 + 36*b + 508. Calculate v(-111).
-3488
Let g(o) = -9714*o - 6391811. What is g(-658)?
1
Let n(m) = 2*m**3 - 13*m**2 + 14*m + 403. Give n(7).
550
Let j(a) = 5657*a + 62351. Calculate j(-11).
124
Let a(f) = -f**3 + 3639*f**2 + 25504*f - 117. Determine a(-7).
9
Let y(u) = -u**3 - 13*u**2 + 35*u - 276. Give y(9).
-1743
Let k(f) = -28*f**2 - 80*f - 15. Determine k(-5).
-315
Let m(f) = f**2 - 2000*f - 14000. Determine m(-7).
49
Let y(k) = 2391*k + 15639. What is y(-7)?
-1098
Let k(s) = -32*s**2 - 1077*s + 2156. What is k(2)?
-126
Let q(x) = -3965*x - 7944. Give q(-2).
-14
Let t(u) = -u**3 + 323*u**2 - 11567*u + 193. Calculate t(41).
-12
Let s(i) = -2*i**3 - 206*i**2 + 186*i - 1803. Calculate s(-104).
485
Let f(t) = 3311*t - 12154. What is f(4)?
1090
Let x(p) = -11*p**2 + 4535*p + 110137. Give x(-23).
13
Let a(f) = 40938*f + 327555. Calculate a(-8).
51
Let s(q) = -q**3 - 157*q**2 - 1644*q - 339850. Determine s(-160).
-10
Let m(c) = 274*c - 8208. What is m(30)?
12
Let x(l) = -64*l**3 + 49*l**2 - 38*l - 10. Calculate x(1).
-63
Let z(f) = 32*f - 2571. What is z(66)?
-459
Let k(c) = -284386*c + 5403329. Give k(19).
-5
Let p(c) = 808*c + 16648. Calculate p(-18).
2104
Let h(m) = 160*m + 4194. Give h(-26).
34
Let w(p) = 197*p**2 + 800*p + 26. Determine w(-4).
-22
Let m(g) = -4*g**2 - 590*g + 181. Calculate m(-148).
-115
Let i(z) = 12*z**2 - 130331*z - 260706. Determine i(-2).
4
Let a(m) = -957*m - 52832. Determine a(-55).
-197
Let q(x) = -39463*x - 1696910. Give q(-43).
-1
Let g(f) = f**3 - 73*f**2 + 1317*f + 191. Determine g(33).
92
Let x(u) = -8*u**2 + 2487*u + 12259. What is x(-5)?
-376
Let t(b) = b**3 + 45*b**2 + 337*b + 247. Determine t(-35).
702
Let b(p) = 137*p**2 + 837*p + 1679. Calculate b(-2).
553
Let t(z) = z**2 - 2673*z - 4317170. Determine t(-1134).
-32
Let q(p) = 2*p**2 + 11288*p - 1195585. Determine q(104).
-1
Let m(s) = 104*s**2 - 1631*s + 60. What is m(15)?
-1005
Let d(l) = 92*l**3 + 101*l**2 - 242*l + 64. Give d(2).
720
Let n(f) = -4*f**3 + 2*f**2 + 69*f - 376. Give n(5).
-481
Let f(x) = 2*x**3 + 305*x**2 + 446*x - 1043. What is f(-151)?
14
Let u(t) = -2*t**3 + 10*t**2 + 172*t + 886. Determine u(-5).
526
Let m(s) = -s**2 + 64*s - 1554. Determine m(23).
-611
Let j(f) = -f**3 - 55*f**2 - 202*f + 44. Calculate j(-51).
-58
Let a(h) = h**3 - 39*h**2 - 1183*h - 851. Give a(59).
-1028
Let w(t) = 2059*t + 1717. Calculate w(-2).
-2401
Let i(m) = m**3 - 9*m**2 - 47*m - 3663. Determine i(20).
-203
Let f(b) = 2*b**3 - 44*b**2 + 7*b + 1019. Give f(21).
284
Let z(v) = -10*v**2 + 409*v - 979. Give z(38).
123
Let n(k) = -142749*k - 27693297. What is n(-194)?
9
Let o(k) = -12240*k + 1615678. Determine o(132).
-2
Let p(h) = -43*h**2 - 17*h - 120. Determine p(-5).
-1110
Let i(u) = 270*u - 37738. Calculate i(144).
1142
Let z(n) = 5*n**3 - 17*n**2 + 294*n + 1097. Determine z(-3).
-73
Let y(u) = 49*u**2 + 2996*u - 6181. What is y(2)?
7
Let k(f) = -36*f**3 - 288*f**2 - 69*f - 584. Give k(-8).
-32
Let y(f) = 105*f + 2756. Give y(-25).
131
Let u(f) = -5963*f + 554569. What is u(93)?
10
Let d(g) = 29*g**2 - 1008*g - 6031. Determine d(-6).
1061
Let j(l) = l**3 + 247*l**2 - 8347*l - 10283. Give j(-277).
-34
Let g(v) = -3*v**2 + 1038*v + 8519. Determine g(354).
23
Let z(l) = 3*l**3 + 128*l**2 - 56*l - 29. Determine z(-43).
530
Let t(f) = 1884*f - 480417. Give t(255).
3
Let w(a) = a**3 + 16*a**2 - 330*a - 5021. Calculate w(-13).
-224
Let m(a) = -a**2 - 12639*a - 50537. Calculate m(-4).
3
Let x(h) = 7*h - 